 Calculate the greatest common factor of 21 and p.
21
Let x be ((-258)/(-9) + 0)/(424/1908). Calculate the greatest common factor of x and 10449.
129
Suppose 5*v - 122 = -s, -113 + 19 = -s + 2*v. Suppose 0 = 4*d - s + 18. What is the highest common factor of 14 and d?
7
Suppose 2*s + 240 = 5*s. Suppose 20*a + 620 = 1220. What is the highest common divisor of s and a?
10
Suppose s - 11 = -7. Suppose 4*m + s = 0, h + m - 13 - 8 = 0. Let u be 20/(0 - -2) - (24 - h). Calculate the highest common factor of 10 and u.
2
Let a(r) = r**3 + 83 + r - 5*r - 87. Let z be a(4). What is the greatest common factor of 33 and z?
11
Suppose -168729 - 30608 = -56*j - 24617. Calculate the greatest common divisor of 48 and j.
48
Suppose -4*l = -4*t - 2 - 94, -71 = -3*l + 4*t. Suppose -4*o = 2*o - 360. Let h = o + -35. Calculate the highest common factor of l and h.
25
Let o = 5543 - 4597. What is the highest common divisor of 22 and o?
22
Let s be (6 + (-987)/(-28))/(2/24). What is the highest common factor of 55 and s?
55
Let j = 2480 + -995. Suppose -4*c + j = -3*r, -231 = -2*c - 4*r + 495. Calculate the highest common divisor of 41 and c.
41
Let w = 19 + -6. Suppose z - w = -3*c + 2*z, 0 = -3*c + 4*z + 16. Let n be -18 + 32 - 1*-2. What is the highest common factor of n and c?
4
Let n(p) = p**2 - p + 2. Suppose 3*w = 1 + 5. Let a be n(w). Suppose 0 = -3*q + m + a*m + 697, 2*m - 470 = -2*q. What is the highest common factor of q and 26?
26
Let s(l) = -3*l + 61. Suppose 31 - 51 = 4*v. Let u be s(v). What is the highest common factor of u and 57?
19
Let n(d) = -d**3 + 8*d**2 - 7*d + 8. Let s be n(6). Let r = -79 + 212. What is the greatest common factor of s and r?
19
Let l = -285 - -420. Suppose 0 = 12*g - l - 153. Calculate the greatest common divisor of 456 and g.
24
Suppose 182*n + 1 = 181*n, 71 = 5*j + 4*n. What is the highest common factor of j and 5385?
15
Let m(w) = w**2 - 2*w + 4. Let t be m(2). Let f be (4/(-3))/(t/(-3)). What is the highest common factor of f and 31?
1
Suppose 0*c - 13 = -4*m + c, -3*c + 9 = 0. Let z be (0 + 2/(-5))/(m/(-460)). What is the highest common divisor of 6 and z?
2
Let s = -25 + 49. Let m be s*(2 + (-4)/3). Suppose -23 = -o - m. What is the highest common divisor of o and 63?
7
Let w = -8666 + 8704. Let x be (-6)/(-21) + (-397)/(-7). What is the highest common divisor of x and w?
19
Suppose 3*o + u = -19 + 6, 7*u = -4*o + 11. Suppose 3*r = 8*r + 4*v - 43, 0 = r + v - 9. Let k = r - o. Calculate the greatest common factor of k and 65.
13
Let c(n) be the second derivative of -n**5/20 + 13*n**4/12 + 11*n**3/6 - 49*n**2 + 125*n. Let i be c(7). What is the highest common divisor of i and 21?
21
Suppose -8*w = -4*l - 1316, -2*w + 209 = -4*l - 111. What is the highest common divisor of w and 8051?
83
Let x(m) = -m**3 - 27*m**2 + 25*m - 726. Let c be x(-29). What is the highest common factor of c and 2898?
21
Let q be (576/30 - 18)/(3/10). Calculate the greatest common divisor of 972 and q.
4
Let f be 46 - (-1)/1*-7. Calculate the greatest common divisor of 1456 and f.
13
Let x be 285904/72 + (-5)/(-45). Calculate the greatest common factor of x and 11.
11
Let x = -3803 + 3901. What is the greatest common factor of 3969 and x?
49
Let u = -643 + 863. Let x = -175 + u. Calculate the greatest common factor of 195 and x.
15
Suppose 225*h - 224*h = 2*m - 14356, m - 7157 = -3*h. Calculate the greatest common factor of m and 75.
25
Let i(h) = -h**3 + 67*h**2 - 245*h + 1354. Let c be i(54). Calculate the greatest common factor of c and 16.
16
Let f = 22897 + -21238. Calculate the greatest common factor of f and 24.
3
Let n = 45 + -43. Suppose -21 - 55 = -u + n*d, 3*u - 248 = d. Suppose 5*r = -20, -9*a + 4*a = 3*r - 128. What is the highest common divisor of a and u?
28
Let n(y) = y**3 + 9*y**2 + 5*y - 7. Let q be n(3). Calculate the highest common divisor of q and 551.
29
Let g be (-3 - (-30)/(-12))/(6 - (-52)/(-8)). Let s be (-28)/(-2)*(-11)/(-2). What is the greatest common divisor of s and g?
11
Let g(o) = 71*o**2 + 16*o + 4. Let n be g(1). What is the greatest common factor of 143 and n?
13
Let u be (-3)/5 + 804/15. Suppose 5*h - u + 38 = 0. Suppose 0 = -5*a + 3*w + 93, 1 = w - h. What is the highest common divisor of a and 21?
21
Suppose 60*j + 2*j + 4*j = 1188. What is the greatest common divisor of j and 1146?
6
Let c = 2990 + -2595. What is the greatest common factor of c and 316?
79
Suppose -1412 = -2*p - z, -3531 = -5*p - 5*z + 3*z. Calculate the highest common divisor of p and 336.
7
Let q(u) = -182*u + 46. Let g be q(2). Let c be (-51)/(5 + g/60). Calculate the highest common divisor of 34 and c.
34
Let i = -6818 - -7518. Calculate the highest common factor of i and 84.
28
Let h = -18 - -161. Suppose -68*x + 3003 = 23*x. What is the highest common divisor of h and x?
11
Let n(i) = -i**3 + 38*i**2 + 35*i + 97. Let u be n(39). Let r = u - -80. Calculate the highest common divisor of 21 and r.
21
Suppose 14 + 2 = 2*s + 5*d, -2*s - d = -32. Suppose 2*f + 5*c - s = 24, -3*f = 5*c - 58. Let v be 2 - (-2 - 8)*1. What is the highest common divisor of f and v?
4
Suppose -96*w = -88*w - 120. Suppose -v + 4*y = 15, 0 = -2*v + 3*v + 4*y + 7. Let k = w + v. What is the highest common divisor of k and 32?
4
Suppose -3*p = -5*z - 8795, -14621 = -1019*p + 1014*p - z. What is the greatest common divisor of p and 1575?
225
Let l(z) = 4*z**2 + 6*z + 18. Let s be l(-5). Let m be -5 - (0 - 6)*s/24. What is the highest common factor of m and 102?
17
Let j = -55 + 64. Suppose -7*i + 37 = j. Let l(b) = -b**3 + 7*b**2 - 4*b + 2. Let v be l(i). Calculate the greatest common factor of 2 and v.
2
Suppose -8 - 4 = -t + 2*c, 0 = 3*t + 2*c - 4. Suppose 4*w - 245 = l - t*l, 3*w - 6 = 0. Let k = 94 - l. What is the greatest common factor of k and 10?
5
Let r be 23/4 - (-4)/16. Let h be ((-140)/r)/((-5)/30). Suppose 34*x + 5*a = 35*x - 35, -109 = -5*x + 3*a. What is the greatest common divisor of x and h?
20
Let u be 5/20*(-25 + -3) + 12. Calculate the greatest common factor of u and 58.
1
Let h = 19 - -17. Suppose -5*u = -0*a - 3*a + 41, 2*a + 4*u = 20. Calculate the greatest common factor of a and h.
12
Suppose 0 = 83*o + 6*o - 106800. What is the highest common factor of 96 and o?
48
Let h(t) = 4044*t + 111. Let z be h(2). What is the greatest common factor of z and 9?
9
Let b be (5 - 11) + 4 + 4. Suppose -8*s = -b*s - 1248. Calculate the highest common factor of 16 and s.
16
Suppose -1610 = -3*j - 4*d, 2*d = 3*j - 182 - 1452. Let r = -528 + j. Calculate the highest common divisor of 189 and r.
7
Let g = 289 - 285. Let h(u) = u + 11*u - 1 - u. Let n be h(3). What is the greatest common factor of g and n?
4
Suppose 0 = 6*k + 4*k - 3270. Let t = 444 - k. Calculate the greatest common divisor of 52 and t.
13
Let o be ((-102)/544*4)/(2/(-560)). Let d = 80 - 38. Calculate the highest common divisor of d and o.
42
Let j be (-61560)/475*(-110)/4. Calculate the highest common factor of 88 and j.
44
Let u be -7*(-32)/56 + -6 + 38. Let p = -221 - -689. What is the highest common factor of p and u?
36
Let b = -1 + 12. Let v(x) = -x**2 - 11*x + 15. Suppose 2*h - 65 + 22 = 5*p, 0 = -3*p + h - 26. Let r be v(p). What is the highest common divisor of b and r?
11
Let f(a) = -8*a - 35. Let z be f(-6). Let x(m) = 3*m + 65. Let y be x(z). What is the highest common divisor of 8 and y?
8
Suppose 87084 = -7*l - 3*l + 92*l. Calculate the greatest common divisor of l and 826.
118
Let p(t) = 3*t**2 + 92*t + 9. Let n be p(-38). Suppose 6*w = w - d + 845, -5*d = 5*w - n. Calculate the greatest common factor of 13 and w.
13
Suppose 6*o + 37260 = 101430. Let x be ((-12)/(-60))/(3/o). Calculate the highest common factor of x and 23.
23
Let g = 388447 - 388267. Let w be (-18)/(-4)*(-4)/(-3). Calculate the greatest common factor of g and w.
6
Let b be (-3192)/(-189) - (-2)/18. Let w(m) = 3*m + 109. Let q be w(b). Calculate the highest common divisor of q and 10.
10
Let g(c) = 17*c**3 + 3*c**2 + 2*c + 1. Let i be g(-2). Let q = 135 + i. Calculate the greatest common factor of q and 20.
4
Suppose -2*g = -2*j + 498, g = -29*j + 32*j - 755. What is the greatest common divisor of j and 161?
23
Let y(r) = 4*r + 176. Let p be (-4)/(-10) - 1236/(-60). Suppose -16*t = -p*t. Let v be y(t). What i